 n = 0 - z. Let v = -3 - n. What is the units digit of v?
2
Let v(m) = m**2 + 10*m - 15. Let z be v(-11). Suppose -7 = p - 4*k, 5*p + k = -k - 13. What is the units digit of -1 - (z - p)*2?
1
Let k = 6 + -9. Let q(p) = p**2 + 2*p. What is the units digit of q(k)?
3
Suppose 0 = -5*f - 3*s + 149, -2*s + 84 = 4*f - 34. What is the tens digit of f?
2
Let t(o) = -o + 2. Suppose y = 6*y + 10, 2*s + y + 2 = 0. Let z be t(s). Suppose -2*h - z + 0 = -2*f, 27 = 3*f + 5*h. What is the units digit of f?
4
Let n = 15 - 11. Suppose -n*g + 0*g = -68. What is the units digit of g?
7
Let s(n) = 9*n + 3. Let p be s(3). Suppose 3*o - p = -0*o. What is the units digit of o?
0
What is the units digit of -2 - ((-576)/4)/2?
0
Let k(i) = i**3 - 5*i**2 - 8*i. Suppose 1 = 3*v + 5*z, v - z - 25 = -2*v. What is the tens digit of k(v)?
4
Let f(r) = -r**2 + 8*r + 1. Let k = 2 - -4. What is the units digit of f(k)?
3
Suppose -5*d + 4 = -0*g + g, 5*d = -5*g - 40. Let j = g + 7. What is the units digit of (-12)/(-8)*j/(-6)?
1
Let o(p) = 2*p**2 - 5*p - 1. What is the units digit of o(3)?
2
Let q = 228 - -108. What is the units digit of q?
6
Suppose 2*a - 3*a - 4 = 0. What is the units digit of (-52)/a - (3 + -3)?
3
Let y = -18 - -286. What is the units digit of y?
8
Suppose -3*b + 2*g = -2, -14 = 5*b - g + 2*g. What is the units digit of (14/(-21))/(b/6)?
2
Suppose 12 = -3*q + 2*q. What is the tens digit of 2/(q/(-33))*2?
1
Let j = -7 - -6. Let n be 44 + -3 + j + 0. Let b = n + -28. What is the tens digit of b?
1
Let y(t) = t**3 + t**2 + t + 25. Let g be y(0). Suppose -2*s + g = 3*s. What is the units digit of s?
5
Suppose -2*n - 3*p = -5*p - 8, 2*n + 4*p = 2. Suppose -10 = -u + 11. Suppose 3*w + n*a = u, 5*w - 37 = -a - 2*a. What is the units digit of w?
8
Suppose i = -3*x + 19, x + 21 = 5*x - 3*i. Suppose 3*s + x = 4*t, 0*t + 3*t - 5 = 2*s. What is the units digit of t?
3
Suppose 6*l = -l + 693. What is the tens digit of l?
9
Suppose 5*f - g = 140, -g + 68 = 2*f + g. What is the tens digit of f?
2
Suppose -2*s = -2 - 6. Suppose -i + 4*k - 2 = -0*i, 5*i - 14 = -s*k. What is the units digit of i?
2
Suppose 12*i - 7 = 5*i. What is the units digit of i?
1
Suppose 115 = 5*c - 45. What is the tens digit of c?
3
Let d be (-2)/6 + (-15)/9. Let s = d - -2. Suppose m + 3*m - 8 = s. What is the units digit of m?
2
Suppose -34 = -k - 4*b, 0*k + 4*b = 4*k - 56. What is the tens digit of k?
1
Let l = -36 + 71. What is the units digit of l?
5
Let m = -19 + 74. Suppose -2*v - 3*v = -q - 80, -m = -3*v + 2*q. What is the tens digit of v?
1
Suppose -2*i - 64 - 49 = 3*o, 5*o = -5*i - 275. What is the tens digit of i/(-4 - -2) - 2?
2
Let d(s) = s**2 - 9*s + 2. Suppose j + 3 + 4 = -4*t, -4 = t. What is the units digit of d(j)?
2
Let n(x) = x**2 - 9*x + 21. What is the units digit of n(5)?
1
Suppose 7 = 3*p - 2. What is the units digit of (-2)/(-3)*2*p?
4
What is the tens digit of 888/10 + (-6)/(-30)?
8
Suppose -4*w - 105 = 2*u + 3*u, -2*u = 3*w + 42. Let a = 29 + u. What is the units digit of a?
8
Let s(a) = a**2 + 13*a - 12. What is the units digit of s(9)?
6
What is the units digit of (-120)/9*(-9)/2?
0
What is the units digit of 14 - -3*4/(-12)?
3
Let v = 13 - 9. Suppose -4*q = q - 20, 2*w = 4*q + v. What is the units digit of w?
0
Let m = -3 + 88. Suppose 13*u = 8*u + m. What is the units digit of u?
7
Let n = -11 + 11. Let t = 18 - n. What is the units digit of t?
8
Suppose 5*g - 133 = 2. What is the units digit of g?
7
Let u(m) = m - 18. Let g(h) = h - 17. Let q(r) = -5*g(r) + 4*u(r). What is the units digit of q(7)?
6
Let q be 1/(-4) - (-85)/20. Suppose t + 4*b - 84 = -3*t, -t - q*b = -9. What is the units digit of t?
5
Let x = -140 + 287. What is the tens digit of x?
4
Suppose 4*i + 4*d = 152, -104 = -4*i + 5*d + 57. What is the tens digit of i?
3
Let d = 6 - 2. Suppose 9 = 2*r - 2*o - 11, d*r - 2*o - 30 = 0. Suppose -2*s - 1 = -s, 0 = 4*a - r*s - 41. What is the units digit of a?
9
Let k(p) be the first derivative of -3*p**2/2 - p + 1. What is the tens digit of k(-5)?
1
Suppose 0 = 3*u - 3 - 3. Let k = -1 + 2. Suppose q - u - k = 0. What is the units digit of q?
3
Suppose d = 2*d + 2*y + 4, -2*y - 4 = 4*d. Suppose d = -2*c + 2 + 2. Suppose c*t = 2*q - 4, 4*q - t - 8 = -0*t. What is the units digit of q?
2
Suppose -2*c + 291 = 3*x, -2*x + 73 = -5*c + 848. What is the hundreds digit of c?
1
Let l be 5/(-5) - (-94)/2. Let d = -4 - -9. Suppose 3*s + 1 = -5, 0 = -d*b - 2*s + l. What is the tens digit of b?
1
Let q be (-1)/(-1*1/4). Let c(n) be the first derivative of n**4/4 - 4*n**3/3 + n**2 + 2*n + 1. What is the units digit of c(q)?
0
Let i(u) = -u**3 - 9*u**2 - 6*u + 18. What is the units digit of i(-8)?
2
Suppose 0 = 5*q - 13*q + 3056. What is the hundreds digit of q?
3
Suppose 0 = -5*u + 93 + 57. What is the units digit of u?
0
Suppose -4*f + 6*j - 2*j = -336, 0 = f + 2*j - 93. What is the units digit of f?
7
What is the units digit of (-711)/(-45) - 2/(-10)?
6
Let r be ((-3)/3)/(2/(-8)). Suppose -r*c + 61 = -3. Suppose c = -0*g + 2*g. What is the units digit of g?
8
Let i(b) = 6*b. Let p = -2 - 1. Let d be i(p). What is the units digit of (-2)/(-6) - 66/d?
4
Suppose -5*q + 10*q - 50 = 0. What is the units digit of q?
0
Let p = -11 - -11. Suppose p = 5*d, -2*l - 2*l + 3*d = -176. What is the units digit of l?
4
Let a(z) = z + 9*z**2 + 18*z**2 - 12*z**2 + 24*z**2. What is the tens digit of a(1)?
4
Let q(s) be the first derivative of s**3/3 - 11*s**2/2 - 8*s - 1. What is the tens digit of q(14)?
3
Let h(c) = -8*c - 1. Suppose -v + 2*v = -1. What is the units digit of h(v)?
7
Suppose 3*s = 26 + 691. Suppose 0 = 2*b - b + 4*a + 47, -4*b + a - s = 0. What is the units digit of 1/5 - b/5?
2
Suppose -10 = 2*i, -4*w - 5*i = w. What is the units digit of w?
5
Suppose -m + 58 = -r, 3*m + 0*r = -2*r + 174. Suppose 4*n - 2*o - m = 0, -54 = -3*n - o - o. What is the units digit of n?
6
Let p(w) = -1 + 3*w + 0 - 7. Suppose 0 = 4*d - 29 + 5. What is the units digit of p(d)?
0
Let r = -3 + 6. Suppose -r*n = -19 - 11. What is the units digit of n?
0
What is the tens digit of 250 - (5 + -6 + 4)?
4
Let o = 470 + -113. What is the hundreds digit of o?
3
Suppose -1 = a - m - 5, -3*m + 9 = 0. Suppose 4*z + 1 = 9. Suppose -11 - a = -z*q. What is the units digit of q?
9
Let x be (-4)/(-14) + (-60)/(-35). Suppose -5*b - h - x*h = -86, 5*b - 72 = 4*h. What is the tens digit of b?
1
Let k(q) = 6*q + 14. What is the units digit of k(5)?
4
Let c(z) = -z**3 + 5*z**2 - 3*z + 1. Let x be c(2). Suppose -h + x = -6. What is the tens digit of h?
1
Let q(s) = s**2 - 6*s - 3. Let m be q(8). Suppose 0 = -k - 2 + m. What is the tens digit of k?
1
Suppose -30 + 295 = 5*a. What is the units digit of a?
3
Let r be 4 + -3 - 1 - 6. What is the units digit of (8/(-6))/1*r?
8
What is the tens digit of (-65)/(-3) + (-2)/(-6)?
2
Suppose 522 = -0*b + 6*b. What is the units digit of b?
7
Suppose b + 21 = 2*r, 14 = 4*r - 5*b - 37. Let a = 10 - r. What is the units digit of a?
1
Suppose 2*q = 4*j + q - 3, -3*j + 15 = -5*q. Suppose 3*t - t - 32 = j. What is the units digit of t?
6
Let b(s) = s + 7. What is the units digit of b(-4)?
3
What is the units digit of ((-6)/9)/(16/(-216))?
9
Suppose -b = b - 16. Suppose -6*u = -u - 60. Let w = u - b. What is the units digit of w?
4
Let a(t) = t**3 + 8*t**2 + 1. What is the units digit of a(-8)?
1
Suppose 0 = 7*x - 2*x + 2*i - 8, -2*x + 3*i - 12 = 0. Suppose x = -0*a - 5*a + 50. Let n = 16 - a. What is the units digit of n?
6
Let a = -33 - -46. Let c = 30 - a. What is the tens digit of c?
1
Suppose -426 = -4*z + w, 0 = 2*w + 4. What is the units digit of z?
6
Let a be -2 - 74/(-1 - 1). Suppose -3*r = -3*l + 5*l - 24, 5*r - a = -5*l. What is the tens digit of r?
1
Let u be (18/15)/(6/20). Suppose -55 = -u*t - o, -2*t = -0*t - o - 35. What is the tens digit of t?
1
Suppose -16 = -4*k - 3*b, k - b = -2*k + 12. Let f = 18 - k. What is the tens digit of f?
1
Suppose i = 4*i. Suppose -m - 3 + i = 0. What is the units digit of (-2)/m*(9 - 0)?
6
Let z be (-26)/(-3)*18/12. Suppose 5*t = 3*p - 49, 4*p - 2*t - 55 = -z. What is the units digit of p?
8
Suppose -d - 3*d = -5*a + 389, a - 73 = 2*d. What is the tens digit of a?
8
Suppose -10 = 5*i, -3*i = -k - 8*i + 44. What is the units digit of k?
4
Let y(f